
-50
Calculate 110 + (-412 - -393) + 10 + 2 + 0 + 3.
106
Evaluate -3 + 15 - (-377 - -390).
-1
What is the value of -8 - ((18 - 23) + -13 + -19)?
29
What is -1 + 38 - ((44 - 9 - (2 - -17)) + -14)?
35
1 + (1 - (-3 + 9)) + (7 + 54 - -6)
63
Evaluate 23 - (1 + 4 - (-18 + 50 + -26)).
24
What is the value of 7 + (3 - -11) + (-7 - 9 - 11)?
-6
-6 + -5 + 53 - (-5 + 26)
21
((-26 - -4) + (33 - 18) - -2) + (9 - 1)
3
What is -36 - (-2 + 14 - (-17 + -14 - -44))?
-35
What is 4 + -3 + -5 + 2 + -45 + 220 + -222?
-49
What is the value of (183 - 136) + -46 + 12?
13
What is the value of 32 + -1 + -854 + 790 - -33?
0
-114 + 100 + 1 - (1 + -42 - -1)
27
Evaluate -60 - (-3 + (12 - 21 - 7)).
-41
What is (-6 - -6) + 8 + (-1155 - -1119)?
-28
What is 5 + 15 + -2 - (336 + -335)?
17
What is the value of 5 + 10 + (-70 - -13) + 14 + -24?
-52
What is the value of 0 - 61 - -34 - 6?
-33
What is 2 + 1 - ((20 - -18 - -2) + (2 - 18))?
-21
What is -60 + 49 + (0 - (-80 + 0)) - -4?
73
What is -23 + (14 - 5 - (-51 + 49))?
-12
Calculate (422 - 436) + 1 + 18 - (1 - 0 - -48).
-44
What is the value of 80 + 2 + -2 - ((-45 - -5) + 53)?
67
What is the value of 15 - ((3 - (21 + -11)) + -5 - -9)?
18
Calculate 45 + (54 - 125 - -13).
-13
Calculate -82 - -7 - (-5 + 1 + -2 + 20 + -16).
-73
Evaluate -22 + 18 - (1 - (39 - (4 - 0))).
30
Evaluate (-37 - (16 + -7)) + (-3 - (-7 + 0)).
-42
Calculate -13 + -1 - (-1193 - -1129).
50
What is (-1 + -3 - (-12 - -1)) + -55 + (118 - 55)?
15
What is (824 - 845) + 62 + 1 + 7?
49
Calculate 83 + 7 - (41 - (14 + 2)).
65
What is 414 + -454 + 51 + 1?
12
What is (-2 - (-6 + 7 - -59 - -1)) + -63 + 59?
-67
What is the value of -1 + 1 - (-11 - (2 - 24) - 37 - 7)?
33
What is -2 + 1 + -21 + (-38 - -103 - 55)?
-12
What is 1 + 2 + (-2 - (0 - 1)) - (-17335 + 17329)?
8
What is (-4779 - -4819) + (-27 - 1)?
12
What is the value of -61 + 25 + 142 - (19 - 5)?
92
60 + 0 + -1 + -80 + (181 - 114) - 2
44
Evaluate -29 + (-15 - (-37 - -15)) + 35 - 0.
13
What is -15 + 11 + -15 + 22 + (20 - 41)?
-18
Evaluate -69 + (-46 - -128) + (19 - -1).
33
Evaluate (163 - (-45 + 85)) + -11 - 31.
81
(5 + 9 - (-6 + 24)) + -46
-50
8 + 0 - (8 - (48 + -92))
-44
-1 + -22 - (6 - (-57 - -77))
-9
Calculate -14 - (9 - -3 - (28 + -3)) - 51.
-52
71 + (66 + (-27 - 7) - (-5 + 24))
84
What is 76 - (115 - 55 - 19)?
35
-4 + 0 + (-78 + -1 - -20)
-63
What is the value of -11 - (-72 + 21 - (1 - (-8 + 7)))?
42
-8880 + 8820 + (-32 - 0)
-92
Evaluate 30 - (64 + -60 + (27 - 14)).
13
-6 + 17 + -31 + 72 + -22
30
Evaluate -38 + 32 + 3 - -14 - 82.
-71
Calculate 139 - 114 - 64 - (2 + -98).
57
Calculate 6 + 81 + (-1486 - -1445).
46
Evaluate (152 - (153 + -138)) + -18 + 3 + 0.
122
-9 - -8 - (57 + -49) - (-28 - 0)
19
72 + (34 - (133 + -36))
9
What is the value of -41381 + 41268 - (1 - (3 + -2))?
-113
62 + -105 + (-111 - -77)
-77
Calculate -76 + 3 + -10 + (-24 - (13 + -44)).
-76
(-42 - -70) + -11 + 60 - 5
72
What is the value of (-89 - -160) + 5 + -2 + -14?
60
Calculate -17 + 8 + -2 - (-54 - -4).
39
What is 5 - 0 - (-98 + 69 + (34 - -1))?
-1
Evaluate 11 + 20 + -39 - (-3 + -4 + 116).
-117
What is -7 + -38 + -38 + 52 + 89?
58
Calculate (-1 - (5 + -10 + (0 - 50))) + (13 - 4).
63
What is (-7 + (-2 - -23) - 15) + (48 - -3)?
50
Evaluate (6 - (97 - 99)) + 2 + -27.
-17
What is the value of -1 - -4 - (-50 + 48) - -19?
24
Evaluate 13 - 8 - (-14 + 16 + 6 + -8) - 17.
-12
Calculate 18 - ((-93 - 1) + -41 + 26 + 19).
108
Evaluate -102 + (-54 - (-107 - -44)).
-93
Evaluate 109 + (-64 - (40 + -61)).
66
What is -89 - (-57 + 42 + (-1 - 6 - -2) - -9)?
-78
Calculate -11 + 1 - 68 - (-47 + 12 + 23).
-66
Evaluate -29 - (13 + (-31 - -10) + 42).
-63
Calculate -1 - -8 - (-12 + -33 + -13 + 28).
37
21 + -37 - (-90 - -95)
-21
What is (-106 - (-185 - -153)) + 85?
11
4 - (-148 + 152 + (8 - -2) + -13)
3
(5 - (1 + -3)) + (-31 - -8) + 7 + -11
-20
What is (1846 - 1732) + -137 + 1?
-22
Calculate 7 - (0 + -3) - (-4223 - -4163).
70
What is the value of 15 - (18 - 4) - 14 - 91?
-104
What is -5 + -6 + (-2 + -5 - -13) - (-11 + 15)?
-9
What is -33 + (17 - 13) + -4 - 7?
-40
Calculate -23 - ((9 - 2) + (-42 - -33)).
-21
Calculate -5 + 9 + -6 - ((6 - 3) + (66 - 3)).
-68
Evaluate 346 + -311 + -63 + -1.
-29
What is the value of (-88 - -107) + -1 + 1 + 4?
23
What is (-104 - -27) + -11 + 22 + (-6 - 0) + -7?
-79
Evaluate 104 + (-169 - -82 - -23).
40
Calculate (-5 - (19 - -5)) + (-7 + 14 - 18).
-40
Evaluate -2 - ((-1 - (-47 + 55 - (3 + 1))) + -41).
44
-31 + 68 + 5 - (2 + -27)
67
What is the value of -1 + 44 - (-1179 + 1183) - -41?
80
Calculate (-9 - -52) + 8 + 5 + (-3 - 4).
49
Calculate -1 + 34 - (13367 + -13320).
-14
((-46 - -65) + 28 - 44) + 2 + -101
-96
What is the value of (20 + 5 - 10) + -3 + -12?
0
Evaluate 0 + 0 + 17 + 6 + -87 + (-88 - -83).
-69
Calculate -54 + -19 + 2 + 165 + -162 + 28.
-40
Calculate 56 - ((3 - 126) + 95).
84
Evaluate -4 - (38 + -21 + (0 - 6)) - -22.
7
3 + 13 - (-208 + 214)
10
What is the value of (4 - (0 + -3)) + (-11 + 23 - -2)?
21
(1 - 35) + (-166 - -257) + -10
47
Calculate (8 - 1) + -11 + (-23 - -83 - 28) + -10.
18
What is 33 + (-1 - 29 - -9) + 32?
44
(2 - (8 + -5)) + -877 + 844
-34
Evaluate 220 + 40 + 44 + -183.
121
Evaluate 15 + 7 + -1 + -39 + 34.
16
Calculate 55 + -43 + 8 - 21.
-1
Calculate -20 + 49 + (22 - 62) + 11 + 1 + -14.
-13
Evaluate (-53 - -54) + (-5 - -11) + (-34 - (1 + -2)).
-26
-16 + 26 + (-39 - (-20 + 3))
-12
0 - 84 - (-23 + 41 + -4 + -12) - -9
-77
Calculate 33 + (132 + -163 - 130).
-128
Evaluate 85 + -4 + 41 + -174.
-52
Calculate (0 - 4 - 7) + (43 + -42 - 10).
-20
Calculate (0 + -2 - -2) + -1344 + 1330.
-14
(-66 - -67) + (-3 - -32) - (1 + (-22 - -13))
38
What is 130 + -31 + -95 + 61?
65
Evaluate -8637 - -8613 - ((-2 - -1) + (1 - -12) + -1).
-35
Calculate (11 - 0) + 221 + -124 + -116.
-8
Calculate -4 + (-8 - (-3 + 8 + -5 + 29 + -12)).
-29
What is the value of (5 - (-6 - -2)) + (11 - (-10 - -2)) + 1?
29
-15 + (-40 - -25) + 8 + 22
0
8697 - 8677 - (-2 + 35 + 3)
-16
Evaluate 16 - 77 - (67 + -119).
-9
Calculate (-1 - 55) + (-150 - -118 - -41).
-47
Calculate (-5 - ((-9 + -13 - -11) + 6)) + 19.
19
What is the value of 1 + 4 - (14 + -22 + 5 + 48) - 3?
-43
Evaluate -13 + (48 - -13 - -17) - (0 + 2 - 14).
77
191 - (115 - 105 - -46)
135
Evaluate -117 + 31 + 138 - 43.
9
What is the value of (-22 + 4 - 2) + -1 - (215 + -218)?
-18
Evaluate 17 + (5 - ((-9 - 0) + 15)).
16
Evaluate (-1 - -4) + -168 + 180 + 10.
25
10 + -120 + (-1327 - -1417)
-20
Calculate (1629 + -1727 - (4 + -3 - 19)) + 3.
-77
(-76 - -74 - 81) + 124
41
-17 - (87 - 0 - (-184 + 161)) - 0
-127
Evaluate (11 - (-3 - -3)) + 97 + 65 + -166.
7
What is 13 + (-24 - (6 + -19)) + 38 + 1 + -1?
40
Evaluate -2 - 4 - (16 + 36) - (135 - 144).
-49
25 + (-35 + (-15 - -18) - 2)
-9
-110 + (-10 - ((11 - 7) + -6 - 27)) + -15
-106
What is -1041 + 1168 - (36 + -7)?
98
Evaluate -6 - (-41 + 3 - (-275 + 244)).
1
Calculate -76 + -5 + (13 + -16 - -10 - 27).
-101
Calculate -13 - -32 - (-2 + -13 + (90 - 15)).
-41
What is the value of (-19 - (14 + -37)) + 20 - (6 - 8)?
26
What is the value of (5 - -22) + (-56 + 19 - -51)?
41
Calculate (0 + -12 - (-1300 + 1238)) + 37.
87
Calculate -2 - 15 - (-11 + 8 + -3 + 10).
-21
What is -3 + (-24 - (19 - 18 - 15)) + -101 + 2?
-112
Evaluate -78 - ((41 - 53) + -31).
-35
Evaluate 166 + 9 - 10 - (368 + -337).
134
What is 102 + -116 - (-6 - -3 - 17)?
6
Calculate -26 + (18 - -13) - (-4 - (-18 + -2)) - 9.
-20
What is the value of -64 - (100 - (86 - 16))?
-94
What is 559 + -573 - (1 + -32) - (8 + 142)?
-133
Calculate 15 + (-1 - 13 - 19).
-18
Evaluate 31 + (0 - -3) + -11 + (19 - 8) + -3.
31
What is the value of (-7 + 7 + -1 - -1 - (10 + -8)) + -21?
-23
What is the value of (-1 - (-8 - -3)) + 3 + (-1 - -4) + -80?
-70
What is (-118 - -144 - -138) + -100?
64
Calculate 101 - (7 + 30 + 8).
56
What is the value of 65 + -34 + 37 + -35 + -1 + -1?
31
What is (32 - 6) + -25 + (-54 - 1) - -11?
-43
Calculate -8 + (-45 - -1 - (-19 - (-47 - -38))).
-42
Calculate 125 - 266 - -114 - 110.
-137
Evaluate -43 - (-12 - 0) - (-3 - (3 - 5) - -8).
-38
What is the value of (30 - 64) + -35 - -66?
-3
Evaluate 69 + (70 + 36 - 83).
92
What is 27 + 66 + -104 + -28 + -1?
-40
Calculate 1 + -57 + (-128 - -138) + -10 + -4.
-60
Calculate (16 - 23 - -6) + (7 + -2 + -5 - -7).
6
Evaluate -13 + -1 - (7 - (80 + 1)).
60
Calculate -1 - ((-90 